{"id":1460,"date":"2021-06-21T13:59:04","date_gmt":"2021-06-21T10:59:04","guid":{"rendered":"https:\/\/selimkusmez.com\/abidinusta\/?page_id=1460"},"modified":"2021-10-07T11:22:17","modified_gmt":"2021-10-07T08:22:17","slug":"kurumsal","status":"publish","type":"page","link":"https:\/\/abidinusta.com.tr\/?page_id=1460","title":{"rendered":"Tarih\u00e7e"},"content":{"rendered":"<p>[vc_row equal_height=&#8221;yes&#8221; content_placement=&#8221;middle&#8221; overlay_dotted=&#8221;&#8221; css=&#8221;.vc_custom_1495291974879{padding-top: 80px !important;padding-bottom: 80px !important;}&#8221;][vc_column width=&#8221;1\/2&#8243; text_alignment=&#8221;text-center&#8221;]<h3 class=\"roch-headlin-secondary roch-tangerineb-fontS no-margin-bottom roch-headlin-secondary-69f5c955681b3 \">1967'den bug\u00fcne...<\/h3><h2 class=\"roch-headlin-primary roch-oswaldr-fontS roch-sec-hedg-vertical-shap no-margin-top  roch-headlin-primary-69f5c955681d1 \">Lezzet Ser\u00fcveni...<\/h2>[vc_empty_space height=&#8221;10px&#8221;][vc_single_image image=&#8221;1511&#8243; img_size=&#8221;full&#8221; alignment=&#8221;center&#8221;][\/vc_column][vc_column width=&#8221;1\/2&#8243;][vc_column_text css=&#8221;.vc_custom_1633594120405{padding-right: 48px !important;padding-left: 48px !important;}&#8221;]1958 y\u0131l\u0131nda hen\u00fcz 16 ya\u015f\u0131nda bir gen\u00e7 olan &#8220;Abidin \u00d6ZEN&#8221; ailesi ile Yugoslavya&#8217;n\u0131n Prizren Kasabas\u0131&#8217;na ba\u011fl\u0131 Mamu\u015fa K\u00f6y\u00fc&#8217;nden Bursa&#8217;ya g\u00f6\u00e7 ederler. Abidin \u00d6zen Tahtakale\u2019deki \u00fcnl\u00fc Levent Lokantas\u0131\u2019nda komi olarak \u00e7al\u0131\u015fmaya ba\u015flar. Tahtakale\u2019deki Levent Lokantas\u0131\u2019nda komi olarak ba\u015flad\u0131\u011f\u0131 mesle\u011finde, malzeme ta\u015f\u0131r, bula\u015f\u0131k y\u0131kar, garsonluk yapar, \u00e7al\u0131\u015fkanl\u0131\u011f\u0131, sabr\u0131 ve mesle\u011fine olan sevgisiyle ba\u015f a\u015f\u00e7\u0131l\u0131\u011fa kadar y\u00fckselir. Mesle\u011fine olan bu tutkusu, ona ba\u015far\u0131 olarak geri d\u00f6ner. &#8220;Abidin Usta&#8221; ismiyle g\u00fc\u00e7l\u00fc ve g\u00fcvenilir bir Bursa markas\u0131na d\u00f6n\u00fc\u015fecek Abidin \u00d6ZEN&#8217;in ba\u015far\u0131lar ve gurur dolu lezzet ser\u00fcvenine ilk ad\u0131m\u0131 burada at\u0131l\u0131r. 1967 y\u0131l\u0131nda sekt\u00f6rde edindi\u011fi tecr\u00fcbe ile Kayhan \u00c7ar\u015f\u0131s\u0131 giri\u015finde ilk lokantas\u0131n\u0131 hem\u015ferimiz Hamit G\u00fclseven\u2019le ortak a\u00e7ar. K\u0131sa zamanda da sulu yemeklerinin nam\u0131 yay\u0131l\u0131r, \u00f6zellikle de s\u00fct helvas\u0131n\u0131n! Abidin Usta\u2019n\u0131n m\u00fc\u015fterisi her ge\u00e7en g\u00fcn artmakta ve yemeklerindeki lezzetin nam\u0131 giderek yay\u0131lmaktad\u0131r. 1972\u2019de ortakl\u0131ktan ayr\u0131l\u0131r ve Tuzpazar\u0131\u2019ndaki Yeni Lokanta\u2019y\u0131 a\u00e7ar. 2004 y\u0131l\u0131nda Tuzpazar\u0131\u2019nda kirac\u0131 oldu\u011fu lokantan\u0131n binas\u0131n\u0131 sat\u0131n al\u0131r ve restore ettirdikten sonra \u201cAbidin Usta Osmanl\u0131 Mutfa\u011f\u0131\u201d markas\u0131yla lezzet ser\u00fcvenine devam eder.<\/p>\n<p>1942 y\u0131l\u0131nda Mamu\u015fa K\u00f6y\u00fc\u2019nde do\u011fup, 16 ya\u015f\u0131nda geldi\u011fi Bursa\u2019da yeni bir hayata at\u0131lan Abidin \u00d6zen, 8 Temmuz 2011\u2019de hayata g\u00f6zlerini yumdu\u011funda; Geride, \u015fubeleriyle b\u00fcy\u00fcyen \u2018Abidin Usta Osmanl\u0131 Sofras\u0131\u2019 lokantalar zinciri ile b\u00fcy\u00fck bir aile \u015firketi b\u0131rakt\u0131. G\u00fcn\u00fcm\u00fczde \u2018Abidin Usta Osmanl\u0131 Sofras\u0131\u2019 lokantalar zinciri y\u0131llar\u0131n verdi\u011fi tecr\u00fcbe, hizmet anlay\u0131\u015f\u0131 ve kurumsal yap\u0131s\u0131 ile m\u00fc\u015fterilerine hizmet vermenin hakl\u0131 gururunu ya\u015famaktad\u0131r.[\/vc_column_text][\/vc_column][\/vc_row]<\/p>\n","protected":false},"excerpt":{"rendered":"[vc_row equal_height=&#8221;yes&#8221; content_placement=&#8221;middle&#8221; overlay_dotted=&#8221;&#8221; css=&#8221;.vc_custom_1495291974879{padding-top: 80px !important;padding-bottom: 80px !important;}&#8221;][vc_column width=&#8221;1\/2&#8243; text_alignment=&#8221;text-center&#8221;][vc_empty_space height=&#8221;10px&#8221;][vc_single_image image=&#8221;1511&#8243; img_size=&#8221;full&#8221; alignment=&#8221;center&#8221;][\/vc_column][vc_column width=&#8221;1\/2&#8243;][vc_column_text css=&#8221;.vc_custom_1633594120405{padding-right: 48px !important;padding-left: 48px !important;}&#8221;]1958 y\u0131l\u0131nda hen\u00fcz 16 ya\u015f\u0131nda bir gen\u00e7 olan &#8220;Abidin \u00d6ZEN&#8221; ailesi ile Yugoslavya&#8217;n\u0131n Prizren Kasabas\u0131&#8217;na ba\u011fl\u0131 Mamu\u015fa K\u00f6y\u00fc&#8217;nden Bursa&#8217;ya g\u00f6\u00e7 ederler. Abidin \u00d6zen Tahtakale\u2019deki \u00fcnl\u00fc Levent Lokantas\u0131\u2019nda komi olarak \u00e7al\u0131\u015fmaya ba\u015flar. Tahtakale\u2019deki Levent Lokantas\u0131\u2019nda komi[&#8230;]","protected":false},"author":1,"featured_media":0,"parent":0,"menu_order":0,"comment_status":"closed","ping_status":"closed","template":"","meta":{"footnotes":""},"class_list":["post-1460","page","type-page","status-publish","hentry"],"_links":{"self":[{"href":"https:\/\/abidinusta.com.tr\/index.php?rest_route=\/wp\/v2\/pages\/1460","targetHints":{"allow":["GET"]}}],"collection":[{"href":"https:\/\/abidinusta.com.tr\/index.php?rest_route=\/wp\/v2\/pages"}],"about":[{"href":"https:\/\/abidinusta.com.tr\/index.php?rest_route=\/wp\/v2\/types\/page"}],"author":[{"embeddable":true,"href":"https:\/\/abidinusta.com.tr\/index.php?rest_route=\/wp\/v2\/users\/1"}],"replies":[{"embeddable":true,"href":"https:\/\/abidinusta.com.tr\/index.php?rest_route=%2Fwp%2Fv2%2Fcomments&post=1460"}],"version-history":[{"count":17,"href":"https:\/\/abidinusta.com.tr\/index.php?rest_route=\/wp\/v2\/pages\/1460\/revisions"}],"predecessor-version":[{"id":1527,"href":"https:\/\/abidinusta.com.tr\/index.php?rest_route=\/wp\/v2\/pages\/1460\/revisions\/1527"}],"wp:attachment":[{"href":"https:\/\/abidinusta.com.tr\/index.php?rest_route=%2Fwp%2Fv2%2Fmedia&parent=1460"}],"curies":[{"name":"wp","href":"https:\/\/api.w.org\/{rel}","templated":true}]}}